{"id":7,"date":"2025-11-17T14:00:27","date_gmt":"2025-11-17T14:00:27","guid":{"rendered":"http:\/\/cocotut.cluster100.hosting.ovh.net\/?page_id=7"},"modified":"2025-11-17T16:15:54","modified_gmt":"2025-11-17T16:15:54","slug":"cocoturf-fr","status":"publish","type":"page","link":"https:\/\/cocoturf.fr\/","title":{"rendered":"cocoturf.fr"},"content":{"rendered":"\n<figure class=\"wp-block-image aligncenter size-full is-style-default\"><img loading=\"lazy\" decoding=\"async\" width=\"2560\" height=\"898\" src=\"https:\/\/cocotut.cluster100.hosting.ovh.net\/wp-content\/uploads\/2025\/11\/Cocoturf.fr_Logo_titre-scaled.png\" alt=\"\" class=\"wp-image-15\" srcset=\"https:\/\/cocoturf.fr\/wp-content\/uploads\/2025\/11\/Cocoturf.fr_Logo_titre-scaled.png 2560w, https:\/\/cocoturf.fr\/wp-content\/uploads\/2025\/11\/Cocoturf.fr_Logo_titre-300x105.png 300w, https:\/\/cocoturf.fr\/wp-content\/uploads\/2025\/11\/Cocoturf.fr_Logo_titre-1024x359.png 1024w, https:\/\/cocoturf.fr\/wp-content\/uploads\/2025\/11\/Cocoturf.fr_Logo_titre-768x269.png 768w, https:\/\/cocoturf.fr\/wp-content\/uploads\/2025\/11\/Cocoturf.fr_Logo_titre-1536x539.png 1536w, https:\/\/cocoturf.fr\/wp-content\/uploads\/2025\/11\/Cocoturf.fr_Logo_titre-2048x718.png 2048w\" sizes=\"auto, (max-width: 2560px) 100vw, 2560px\" \/><\/figure>\n\n\n\n<figure class=\"wp-block-image alignfull size-full is-style-default\"><img loading=\"lazy\" decoding=\"async\" width=\"2560\" height=\"708\" src=\"https:\/\/cocotut.cluster100.hosting.ovh.net\/wp-content\/uploads\/2025\/11\/Image_matieretexte-scaled.png\" alt=\"\" class=\"wp-image-17\" srcset=\"https:\/\/cocoturf.fr\/wp-content\/uploads\/2025\/11\/Image_matieretexte-scaled.png 2560w, https:\/\/cocoturf.fr\/wp-content\/uploads\/2025\/11\/Image_matieretexte-300x83.png 300w, https:\/\/cocoturf.fr\/wp-content\/uploads\/2025\/11\/Image_matieretexte-1024x283.png 1024w, https:\/\/cocoturf.fr\/wp-content\/uploads\/2025\/11\/Image_matieretexte-768x212.png 768w, https:\/\/cocoturf.fr\/wp-content\/uploads\/2025\/11\/Image_matieretexte-1536x425.png 1536w, https:\/\/cocoturf.fr\/wp-content\/uploads\/2025\/11\/Image_matieretexte-2048x566.png 2048w\" sizes=\"auto, (max-width: 2560px) 100vw, 2560px\" \/><\/figure>\n\n\n\n<div class=\"wp-block-columns is-not-stacked-on-mobile is-layout-flex wp-container-core-columns-is-layout-28f84493 wp-block-columns-is-layout-flex\">\n<div class=\"wp-block-column is-layout-flow wp-block-column-is-layout-flow\" style=\"flex-basis:33.34%\">\n<figure class=\"wp-block-image size-large\"><img loading=\"lazy\" decoding=\"async\" width=\"1024\" height=\"1024\" src=\"https:\/\/cocotut.cluster100.hosting.ovh.net\/wp-content\/uploads\/2025\/11\/Cocoturf.fr_Picto_microplastiques-1024x1024.png\" alt=\"\" class=\"wp-image-12\" srcset=\"https:\/\/cocoturf.fr\/wp-content\/uploads\/2025\/11\/Cocoturf.fr_Picto_microplastiques-1024x1024.png 1024w, https:\/\/cocoturf.fr\/wp-content\/uploads\/2025\/11\/Cocoturf.fr_Picto_microplastiques-300x300.png 300w, https:\/\/cocoturf.fr\/wp-content\/uploads\/2025\/11\/Cocoturf.fr_Picto_microplastiques-150x150.png 150w, https:\/\/cocoturf.fr\/wp-content\/uploads\/2025\/11\/Cocoturf.fr_Picto_microplastiques-768x768.png 768w, https:\/\/cocoturf.fr\/wp-content\/uploads\/2025\/11\/Cocoturf.fr_Picto_microplastiques-1536x1536.png 1536w, https:\/\/cocoturf.fr\/wp-content\/uploads\/2025\/11\/Cocoturf.fr_Picto_microplastiques.png 1667w\" sizes=\"auto, (max-width: 1024px) 100vw, 1024px\" \/><\/figure>\n<\/div>\n\n\n\n<div class=\"wp-block-column is-layout-flow wp-block-column-is-layout-flow\" style=\"flex-basis:33.34%\">\n<figure class=\"wp-block-image size-large\"><img loading=\"lazy\" decoding=\"async\" width=\"1024\" height=\"1024\" src=\"https:\/\/cocotut.cluster100.hosting.ovh.net\/wp-content\/uploads\/2025\/11\/Cocoturf.fr_Picto_100recyclable-1024x1024.png\" alt=\"\" class=\"wp-image-13\" srcset=\"https:\/\/cocoturf.fr\/wp-content\/uploads\/2025\/11\/Cocoturf.fr_Picto_100recyclable-1024x1024.png 1024w, https:\/\/cocoturf.fr\/wp-content\/uploads\/2025\/11\/Cocoturf.fr_Picto_100recyclable-300x300.png 300w, https:\/\/cocoturf.fr\/wp-content\/uploads\/2025\/11\/Cocoturf.fr_Picto_100recyclable-150x150.png 150w, https:\/\/cocoturf.fr\/wp-content\/uploads\/2025\/11\/Cocoturf.fr_Picto_100recyclable-768x768.png 768w, https:\/\/cocoturf.fr\/wp-content\/uploads\/2025\/11\/Cocoturf.fr_Picto_100recyclable-1536x1536.png 1536w, https:\/\/cocoturf.fr\/wp-content\/uploads\/2025\/11\/Cocoturf.fr_Picto_100recyclable.png 1667w\" sizes=\"auto, (max-width: 1024px) 100vw, 1024px\" \/><\/figure>\n<\/div>\n\n\n\n<div class=\"wp-block-column is-layout-flow wp-block-column-is-layout-flow\" style=\"flex-basis:33.33%\">\n<figure class=\"wp-block-image size-large\"><img loading=\"lazy\" decoding=\"async\" width=\"1024\" height=\"1024\" src=\"https:\/\/cocotut.cluster100.hosting.ovh.net\/wp-content\/uploads\/2025\/11\/Cocoturf.fr_Picto_anti-microbien-1024x1024.png\" alt=\"\" class=\"wp-image-14\" srcset=\"https:\/\/cocoturf.fr\/wp-content\/uploads\/2025\/11\/Cocoturf.fr_Picto_anti-microbien-1024x1024.png 1024w, https:\/\/cocoturf.fr\/wp-content\/uploads\/2025\/11\/Cocoturf.fr_Picto_anti-microbien-300x300.png 300w, https:\/\/cocoturf.fr\/wp-content\/uploads\/2025\/11\/Cocoturf.fr_Picto_anti-microbien-150x150.png 150w, https:\/\/cocoturf.fr\/wp-content\/uploads\/2025\/11\/Cocoturf.fr_Picto_anti-microbien-768x768.png 768w, https:\/\/cocoturf.fr\/wp-content\/uploads\/2025\/11\/Cocoturf.fr_Picto_anti-microbien-1536x1536.png 1536w, https:\/\/cocoturf.fr\/wp-content\/uploads\/2025\/11\/Cocoturf.fr_Picto_anti-microbien.png 1667w\" sizes=\"auto, (max-width: 1024px) 100vw, 1024px\" \/><\/figure>\n<\/div>\n<\/div>\n\n\n\n<div class=\"wp-block-columns is-layout-flex wp-container-core-columns-is-layout-28f84493 wp-block-columns-is-layout-flex\">\n<div class=\"wp-block-column is-layout-flow wp-block-column-is-layout-flow\" style=\"flex-basis:33.34%\">\n<hr class=\"wp-block-separator has-text-color has-alpha-channel-opacity has-background\" style=\"background-color:#57a6c0;color:#57a6c0\"\/>\n\n\n\n<p style=\"font-size:25px\">Tiss\u00e9 \u00e0 partir de fibre naturelle de noix de coco mont\u00e9e sur trame de latex (caoutchouc naturel).<\/p>\n<\/div>\n\n\n\n<div class=\"wp-block-column is-layout-flow wp-block-column-is-layout-flow\" style=\"flex-basis:33.34%\">\n<hr class=\"wp-block-separator has-text-color has-alpha-channel-opacity has-background\" style=\"background-color:#57a6c0;color:#57a6c0\"\/>\n\n\n\n<p class=\"has-text-align-left\" style=\"font-size:25px\">Id\u00e9al pour vos am\u00e9nagements paysagers et les sols de confort des \u00e9quipements sportifs ou des aires de jeu.<\/p>\n<\/div>\n\n\n\n<div class=\"wp-block-column is-layout-flow wp-block-column-is-layout-flow\" style=\"flex-basis:33.33%\">\n<hr class=\"wp-block-separator has-text-color has-alpha-channel-opacity has-background is-style-default\" style=\"background-color:#57a6c0;color:#57a6c0\"\/>\n\n\n\n<p class=\"has-text-align-left\" style=\"font-size:24px\">Seul produit conforme \u00e0 la r\u00e9glementation europ\u00e9enne*  visant \u00e0 interdire les rejets de micro plastiques non-organiques d\u2019ici 2031.<\/p>\n\n\n\n<p>* REACH UE 2023\/2055<\/p>\n<\/div>\n<\/div>\n\n\n\n<p class=\"has-text-align-center has-large-font-size\"><strong>contactez-nous<\/strong> <a href=\"mailto:info@cocoturf.fr\">info@cocoturf.fr<\/a><\/p>\n\n\n\n<p><\/p>\n","protected":false},"excerpt":{"rendered":"<p>Tiss\u00e9 \u00e0 partir de fibre naturelle de noix de coco mont\u00e9e sur trame de latex (caoutchouc naturel). Id\u00e9al pour vos [&hellip;]<\/p>\n","protected":false},"author":1,"featured_media":0,"parent":0,"menu_order":0,"comment_status":"closed","ping_status":"closed","template":"","meta":{"site-sidebar-layout":"default","site-content-layout":"","ast-site-content-layout":"default","site-content-style":"default","site-sidebar-style":"default","ast-global-header-display":"","ast-banner-title-visibility":"","ast-main-header-display":"","ast-hfb-above-header-display":"","ast-hfb-below-header-display":"","ast-hfb-mobile-header-display":"","site-post-title":"disabled","ast-breadcrumbs-content":"","ast-featured-img":"","footer-sml-layout":"","theme-transparent-header-meta":"","adv-header-id-meta":"","stick-header-meta":"","header-above-stick-meta":"","header-main-stick-meta":"","header-below-stick-meta":"","astra-migrate-meta-layouts":"default","ast-page-background-enabled":"default","ast-page-background-meta":{"desktop":{"background-color":"var(--ast-global-color-5)","background-image":"","background-repeat":"repeat","background-position":"center center","background-size":"auto","background-attachment":"scroll","background-type":"","background-media":"","overlay-type":"","overlay-color":"","overlay-opacity":"","overlay-gradient":""},"tablet":{"background-color":"","background-image":"","background-repeat":"repeat","background-position":"center center","background-size":"auto","background-attachment":"scroll","background-type":"","background-media":"","overlay-type":"","overlay-color":"","overlay-opacity":"","overlay-gradient":""},"mobile":{"background-color":"","background-image":"","background-repeat":"repeat","background-position":"center center","background-size":"auto","background-attachment":"scroll","background-type":"","background-media":"","overlay-type":"","overlay-color":"","overlay-opacity":"","overlay-gradient":""}},"ast-content-background-meta":{"desktop":{"background-color":"var(--ast-global-color-4)","background-image":"","background-repeat":"repeat","background-position":"center center","background-size":"auto","background-attachment":"scroll","background-type":"","background-media":"","overlay-type":"","overlay-color":"","overlay-opacity":"","overlay-gradient":""},"tablet":{"background-color":"var(--ast-global-color-4)","background-image":"","background-repeat":"repeat","background-position":"center center","background-size":"auto","background-attachment":"scroll","background-type":"","background-media":"","overlay-type":"","overlay-color":"","overlay-opacity":"","overlay-gradient":""},"mobile":{"background-color":"var(--ast-global-color-4)","background-image":"","background-repeat":"repeat","background-position":"center center","background-size":"auto","background-attachment":"scroll","background-type":"","background-media":"","overlay-type":"","overlay-color":"","overlay-opacity":"","overlay-gradient":""}},"footnotes":""},"class_list":["post-7","page","type-page","status-publish","hentry"],"_links":{"self":[{"href":"https:\/\/cocoturf.fr\/index.php\/wp-json\/wp\/v2\/pages\/7","targetHints":{"allow":["GET"]}}],"collection":[{"href":"https:\/\/cocoturf.fr\/index.php\/wp-json\/wp\/v2\/pages"}],"about":[{"href":"https:\/\/cocoturf.fr\/index.php\/wp-json\/wp\/v2\/types\/page"}],"author":[{"embeddable":true,"href":"https:\/\/cocoturf.fr\/index.php\/wp-json\/wp\/v2\/users\/1"}],"replies":[{"embeddable":true,"href":"https:\/\/cocoturf.fr\/index.php\/wp-json\/wp\/v2\/comments?post=7"}],"version-history":[{"count":10,"href":"https:\/\/cocoturf.fr\/index.php\/wp-json\/wp\/v2\/pages\/7\/revisions"}],"predecessor-version":[{"id":62,"href":"https:\/\/cocoturf.fr\/index.php\/wp-json\/wp\/v2\/pages\/7\/revisions\/62"}],"wp:attachment":[{"href":"https:\/\/cocoturf.fr\/index.php\/wp-json\/wp\/v2\/media?parent=7"}],"curies":[{"name":"wp","href":"https:\/\/api.w.org\/{rel}","templated":true}]}}